{"id":2919,"date":"2022-03-09T23:11:10","date_gmt":"2022-03-09T22:11:10","guid":{"rendered":"https:\/\/portale.unime.it\/agon\/?page_id=2919"},"modified":"2022-03-09T23:11:10","modified_gmt":"2022-03-09T22:11:10","slug":"criscuolo-alessandra","status":"publish","type":"page","link":"https:\/\/portale.unime.it\/agon\/autori\/a-f\/criscuolo-alessandra\/","title":{"rendered":"Criscuolo Alessandra"},"content":{"rendered":"<h4><a href=\"http:\/\/portale.unime.it\/agon\/files\/2022\/03\/3102.pdf\"><strong>\u00abCUANDO NO SE ABORDAN LOS PROBLEMAS RARA VEZ MEJORAN\u00bb: ESTRATEGIAS DE DESCORTES\u00cdA Y ACTIVIDADES DE AUTOIMAGEN EN DISCURSOS POL\u00cdTICOS ESPA\u00d1OLES E ITALIANOS<\/strong><\/a><\/h4>\n<h4><a href=\"http:\/\/portale.unime.it\/agon\/files\/2022\/03\/3102.pdf\"><strong>\u00ab<\/strong><strong>WHEN PROBLEMS ARE LEFT UNADDRESSED THEY RARELY IMPROVE<\/strong><strong>\u00bb<\/strong><strong>: STRATEGIES OF IMPOLITENESS AND SELF-IMAGE ACTIVITIES IN SPANISH AND ITALIAN POLITICAL SPEECHES<\/strong><\/a><\/h4>\n","protected":false},"excerpt":{"rendered":"<p>\u00abCUANDO NO SE ABORDAN LOS PROBLEMAS RARA VEZ MEJORAN\u00bb: ESTRATEGIAS DE DESCORTES\u00cdA Y ACTIVIDADES DE AUTOIMAGEN EN DISCURSOS POL\u00cdTICOS ESPA\u00d1OLES E ITALIANOS \u00abWHEN PROBLEMS ARE LEFT UNADDRESSED THEY RARELY IMPROVE\u00bb: STRATEGIES OF IMPOLITENESS AND SELF-IMAGE ACTIVITIES IN SPANISH AND ITALIAN &hellip; <a href=\"https:\/\/portale.unime.it\/agon\/autori\/a-f\/criscuolo-alessandra\/\">Continua a leggere<span class=\"meta-nav\">&rarr;<\/span><\/a><\/p>\n","protected":false},"author":13,"featured_media":0,"parent":1234,"menu_order":0,"comment_status":"closed","ping_status":"closed","template":"","meta":[],"_links":{"self":[{"href":"https:\/\/portale.unime.it\/agon\/wp-json\/wp\/v2\/pages\/2919"}],"collection":[{"href":"https:\/\/portale.unime.it\/agon\/wp-json\/wp\/v2\/pages"}],"about":[{"href":"https:\/\/portale.unime.it\/agon\/wp-json\/wp\/v2\/types\/page"}],"author":[{"embeddable":true,"href":"https:\/\/portale.unime.it\/agon\/wp-json\/wp\/v2\/users\/13"}],"replies":[{"embeddable":true,"href":"https:\/\/portale.unime.it\/agon\/wp-json\/wp\/v2\/comments?post=2919"}],"version-history":[{"count":1,"href":"https:\/\/portale.unime.it\/agon\/wp-json\/wp\/v2\/pages\/2919\/revisions"}],"predecessor-version":[{"id":2920,"href":"https:\/\/portale.unime.it\/agon\/wp-json\/wp\/v2\/pages\/2919\/revisions\/2920"}],"up":[{"embeddable":true,"href":"https:\/\/portale.unime.it\/agon\/wp-json\/wp\/v2\/pages\/1234"}],"wp:attachment":[{"href":"https:\/\/portale.unime.it\/agon\/wp-json\/wp\/v2\/media?parent=2919"}],"curies":[{"name":"wp","href":"https:\/\/api.w.org\/{rel}","templated":true}]}}