{"id":1423,"date":"2018-06-17T21:39:51","date_gmt":"2018-06-17T19:39:51","guid":{"rendered":"http:\/\/portale.unime.it\/agon\/?page_id=1423"},"modified":"2021-08-05T12:27:46","modified_gmt":"2021-08-05T10:27:46","slug":"sciutto-virginia","status":"publish","type":"page","link":"https:\/\/portale.unime.it\/agon\/autori\/s-z\/sciutto-virginia\/","title":{"rendered":"Sciutto Virginia"},"content":{"rendered":"<h4><a href=\"http:\/\/portale.unime.it\/agon\/files\/2018\/06\/1706.pdf\"><strong><em>Y Borges cuenta que\u2026 Aproximaci\u00f3n al an\u00e1lisis traductol\u00f3gico del libreto oper\u00edstico<\/em><\/strong><\/a><\/h4>\n<h4><a href=\"http:\/\/portale.unime.it\/agon\/files\/2021\/08\/2903.pdf\"><strong>SOBRE LAS MET\u00c1FORAS B\u00c9LICAS Y EL F\u00daTBOL. UN AN\u00c1LISIS COMPARATIVO DE LAS CR\u00d3NICAS ITALIANAS Y ESPA\u00d1OLAS\u00a0 \/ <\/strong><\/a><a href=\"http:\/\/portale.unime.it\/agon\/files\/2021\/08\/2903.pdf\"><strong>ABOUT WAR METAPHORS AND FOOTBALL. A COMPARATIVE ANALYSIS OF THE ITALIAN AND SPANISH CHRONICLES<\/strong><\/a><\/h4>\n","protected":false},"excerpt":{"rendered":"<p>Y Borges cuenta que\u2026 Aproximaci\u00f3n al an\u00e1lisis traductol\u00f3gico del libreto oper\u00edstico SOBRE LAS MET\u00c1FORAS B\u00c9LICAS Y EL F\u00daTBOL. UN AN\u00c1LISIS COMPARATIVO DE LAS CR\u00d3NICAS ITALIANAS Y ESPA\u00d1OLAS\u00a0 \/ ABOUT WAR METAPHORS AND FOOTBALL. A COMPARATIVE ANALYSIS OF THE ITALIAN AND &hellip; <a href=\"https:\/\/portale.unime.it\/agon\/autori\/s-z\/sciutto-virginia\/\">Continua a leggere<span class=\"meta-nav\">&rarr;<\/span><\/a><\/p>\n","protected":false},"author":13,"featured_media":0,"parent":1240,"menu_order":0,"comment_status":"closed","ping_status":"closed","template":"","meta":[],"_links":{"self":[{"href":"https:\/\/portale.unime.it\/agon\/wp-json\/wp\/v2\/pages\/1423"}],"collection":[{"href":"https:\/\/portale.unime.it\/agon\/wp-json\/wp\/v2\/pages"}],"about":[{"href":"https:\/\/portale.unime.it\/agon\/wp-json\/wp\/v2\/types\/page"}],"author":[{"embeddable":true,"href":"https:\/\/portale.unime.it\/agon\/wp-json\/wp\/v2\/users\/13"}],"replies":[{"embeddable":true,"href":"https:\/\/portale.unime.it\/agon\/wp-json\/wp\/v2\/comments?post=1423"}],"version-history":[{"count":2,"href":"https:\/\/portale.unime.it\/agon\/wp-json\/wp\/v2\/pages\/1423\/revisions"}],"predecessor-version":[{"id":2746,"href":"https:\/\/portale.unime.it\/agon\/wp-json\/wp\/v2\/pages\/1423\/revisions\/2746"}],"up":[{"embeddable":true,"href":"https:\/\/portale.unime.it\/agon\/wp-json\/wp\/v2\/pages\/1240"}],"wp:attachment":[{"href":"https:\/\/portale.unime.it\/agon\/wp-json\/wp\/v2\/media?parent=1423"}],"curies":[{"name":"wp","href":"https:\/\/api.w.org\/{rel}","templated":true}]}}