{"id":1211,"date":"2017-05-01T21:56:18","date_gmt":"2017-05-01T19:56:18","guid":{"rendered":"http:\/\/portale.unime.it\/agon\/?page_id=1211"},"modified":"2017-05-01T22:22:18","modified_gmt":"2017-05-01T20:22:18","slug":"debeaux-gaelle","status":"publish","type":"page","link":"https:\/\/portale.unime.it\/agon\/autori\/a-f\/debeaux-gaelle\/","title":{"rendered":"Debeaux Ga\u00eblle"},"content":{"rendered":"<h4><a href=\"http:\/\/portale.unime.it\/agon\/files\/2017\/04\/S0810.pdf\"><span style=\"color: #000000\"><strong><em>De la voix au texte, du r\u00e9cit au roman ench\u00e2<\/em><\/strong><strong><em>ss\u00e9: la question de la pr\u00e9sence au tournant du XXI<sup>e<\/sup> si\u00e8cle<\/em><\/strong><\/span><\/a><\/h4>\n","protected":false},"excerpt":{"rendered":"<p>De la voix au texte, du r\u00e9cit au roman ench\u00e2ss\u00e9: la question de la pr\u00e9sence au tournant du XXIe si\u00e8cle<\/p>\n","protected":false},"author":13,"featured_media":0,"parent":1234,"menu_order":0,"comment_status":"closed","ping_status":"closed","template":"","meta":[],"_links":{"self":[{"href":"https:\/\/portale.unime.it\/agon\/wp-json\/wp\/v2\/pages\/1211"}],"collection":[{"href":"https:\/\/portale.unime.it\/agon\/wp-json\/wp\/v2\/pages"}],"about":[{"href":"https:\/\/portale.unime.it\/agon\/wp-json\/wp\/v2\/types\/page"}],"author":[{"embeddable":true,"href":"https:\/\/portale.unime.it\/agon\/wp-json\/wp\/v2\/users\/13"}],"replies":[{"embeddable":true,"href":"https:\/\/portale.unime.it\/agon\/wp-json\/wp\/v2\/comments?post=1211"}],"version-history":[{"count":1,"href":"https:\/\/portale.unime.it\/agon\/wp-json\/wp\/v2\/pages\/1211\/revisions"}],"predecessor-version":[{"id":1212,"href":"https:\/\/portale.unime.it\/agon\/wp-json\/wp\/v2\/pages\/1211\/revisions\/1212"}],"up":[{"embeddable":true,"href":"https:\/\/portale.unime.it\/agon\/wp-json\/wp\/v2\/pages\/1234"}],"wp:attachment":[{"href":"https:\/\/portale.unime.it\/agon\/wp-json\/wp\/v2\/media?parent=1211"}],"curies":[{"name":"wp","href":"https:\/\/api.w.org\/{rel}","templated":true}]}}