{"id":1201,"date":"2017-05-01T21:48:10","date_gmt":"2017-05-01T19:48:10","guid":{"rendered":"http:\/\/portale.unime.it\/agon\/?page_id=1201"},"modified":"2017-05-01T22:25:26","modified_gmt":"2017-05-01T20:25:26","slug":"houssais-yvon","status":"publish","type":"page","link":"https:\/\/portale.unime.it\/agon\/autori\/g-l\/houssais-yvon\/","title":{"rendered":"Houssais Yvon"},"content":{"rendered":"<h4><a href=\"http:\/\/portale.unime.it\/agon\/files\/2017\/04\/S0806.pdf\"><span style=\"color: #000000\"><strong><em>La nouvelle encadr\u00e9e au vingti\u00e8me si\u00e8cle: un nouvel art de raconter<\/em><\/strong><\/span><\/a><\/h4>\n","protected":false},"excerpt":{"rendered":"<p>La nouvelle encadr\u00e9e au vingti\u00e8me si\u00e8cle: un nouvel art de raconter<\/p>\n","protected":false},"author":13,"featured_media":0,"parent":1236,"menu_order":0,"comment_status":"closed","ping_status":"closed","template":"","meta":[],"_links":{"self":[{"href":"https:\/\/portale.unime.it\/agon\/wp-json\/wp\/v2\/pages\/1201"}],"collection":[{"href":"https:\/\/portale.unime.it\/agon\/wp-json\/wp\/v2\/pages"}],"about":[{"href":"https:\/\/portale.unime.it\/agon\/wp-json\/wp\/v2\/types\/page"}],"author":[{"embeddable":true,"href":"https:\/\/portale.unime.it\/agon\/wp-json\/wp\/v2\/users\/13"}],"replies":[{"embeddable":true,"href":"https:\/\/portale.unime.it\/agon\/wp-json\/wp\/v2\/comments?post=1201"}],"version-history":[{"count":1,"href":"https:\/\/portale.unime.it\/agon\/wp-json\/wp\/v2\/pages\/1201\/revisions"}],"predecessor-version":[{"id":1202,"href":"https:\/\/portale.unime.it\/agon\/wp-json\/wp\/v2\/pages\/1201\/revisions\/1202"}],"up":[{"embeddable":true,"href":"https:\/\/portale.unime.it\/agon\/wp-json\/wp\/v2\/pages\/1236"}],"wp:attachment":[{"href":"https:\/\/portale.unime.it\/agon\/wp-json\/wp\/v2\/media?parent=1201"}],"curies":[{"name":"wp","href":"https:\/\/api.w.org\/{rel}","templated":true}]}}